 i = -23 - -60. What is the units digit of i?
7
Let b be -3*(10/(-6) + -1). Let n = 1 + b. What is the units digit of n?
9
Suppose 3*j - 57 = -0*t - 3*t, 0 = 4*t - 2*j - 52. What is the tens digit of t?
1
Let p(n) = 7*n**2 - 3*n - 8. Let i(x) = 10*x**2 - 5*x - 12. Let u(g) = -5*i(g) + 7*p(g). What is the units digit of u(4)?
4
Suppose -v - 4*v = -5*t - 155, 5*v = -4*t + 146. What is the tens digit of v?
3
Let n = -3 + 6. Suppose -3*h + 0*w = -n*w - 24, -3*h = 3*w - 54. What is the tens digit of h?
1
Suppose j - 11 - 1 = 0. Suppose 2*k - 6*k + j = 0. What is the units digit of k?
3
Let m(d) = -5*d - 50. What is the units digit of m(-15)?
5
Suppose -16 = -3*h + h. What is the units digit of h?
8
Let l(q) = q**3 + 14*q**2 + 18*q + 20. What is the units digit of l(-11)?
5
Let a(v) = 27*v**2 + v - 3. What is the units digit of a(2)?
7
Let a(l) = l + 9. Let i be a(-6). Suppose -i*g - 66 = 4*m - 7*m, 0 = m - 2*g - 20. What is the tens digit of m?
2
Let l(d) = -d**3 - 5*d**2 - d. Suppose 0 = -4*t + 2*t - 6. Let b be -8 - 0 - (0 + t). What is the units digit of l(b)?
5
Let t(k) = -4*k. Let y be t(-2). Let c be -1*(y - 1 - -2). Let w = c - -13. What is the units digit of w?
4
Let u = 5 + 13. Let s = u - 0. What is the units digit of s?
8
Let l = -114 + 195. What is the units digit of l?
1
Let f(a) = -11*a - 3. Suppose -2*u + 4*h = -7*u - 18, -4 = 5*u - 3*h. Let j be f(u). Suppose j = 2*c + 3*c - 2*q, 3*c - 4*q = 17. What is the units digit of c?
3
Suppose 9*s - 2218 = -553. What is the tens digit of s?
8
Let r be 11/2 - (-3)/(-6). Suppose r*a - 3 = 2. What is the units digit of -6*a*1/(-3)?
2
Let a be -1 - (1/(-1) - -1). Let u be a/(((-2)/(-1))/(-8)). Let m = 9 + u. What is the units digit of m?
3
Let n(x) = 22*x + 1. Let s be n(1). Suppose -5*i - 3 = -s. Suppose 3*y + 0*y + 7 = -v, i*v = 3*y + 17. What is the units digit of v?
2
Let q be ((-2)/4)/(2/12). Let m be 4/(-10) - q/(-5). Let i = 4 + m. What is the units digit of i?
3
Suppose -10 - 7 = -k. Let y = 12 - k. What is the units digit of -11*1*y/5?
1
Let o(y) = y. Let z be o(5). Suppose 1 = 3*f - z. Suppose -f*r = -4, -2*t - 3*t + 14 = -3*r. What is the units digit of t?
4
Let k(o) = 2*o**3 - o**2 - o - 1. Let g be k(-1). Let v be (-6)/(-4)*4/g. What is the units digit of 15 - 1/(-2)*v?
4
What is the units digit of (6*3)/((-27)/(-72))?
8
Let i = 104 + -14. What is the units digit of i?
0
Let c(w) = w**3 - 8*w**2 - 8*w - 8. What is the units digit of c(9)?
1
Let m(q) = q + 39. What is the tens digit of m(16)?
5
Suppose -866 - 194 = -4*y - 4*r, 1081 = 4*y - 3*r. What is the units digit of y?
8
Let i(g) = 49*g**3 - 2*g**2 - g + 3. What is the units digit of i(2)?
5
Let b be (-2)/8 + (-31)/4. Let r = -3 - b. Let y(l) = -l**2 + 4*l + 7. What is the units digit of y(r)?
2
Let g = 192 + -104. What is the tens digit of g?
8
Suppose -5*s + 25 = -0*s, -3*d = -4*s - 358. What is the hundreds digit of d?
1
Let w(k) be the first derivative of k**2/2 + 10*k - 2. What is the units digit of w(-6)?
4
Let h = 0 + -6. Let q(i) = 3*i + 7. Let v(u) = -6*u - 14. Let t(w) = -13*q(w) - 6*v(w). What is the tens digit of t(h)?
1
Let x = 7 + -5. Let s be 1*(-3 - -2)*-21. Suppose x*a = -a + s. What is the units digit of a?
7
Suppose -112 = -i - 3*i. What is the units digit of i?
8
What is the units digit of (-301)/(-7) - (2 - 4)?
5
Let g be 21/(-14) + (-18)/(-4). Suppose g*o + 48 = 4*o. Suppose 30 = 5*b + 4*k, 5*b + 5*k - o + 13 = 0. What is the units digit of b?
2
Let x(b) = -5*b + 2. What is the tens digit of x(-2)?
1
Let m = 1 - -2. Suppose -16 = -4*n, -2*b + m*b + 4*n = 21. Suppose b*y - 3*r = 41, -2*y + 5*r = 3*y - 45. What is the units digit of y?
7
Suppose 0 = u - 3*r + 116, 4*u + 3*r = -237 - 167. What is the tens digit of (u/10)/(6/(-15))?
2
Let q(o) = o**2 - 3*o + 10. What is the tens digit of q(5)?
2
Suppose 4*a + i = 17, 2*a + 4*i = -2 + 14. Suppose h = a*h - 6. Let w = h - 1. What is the units digit of w?
1
Suppose -4*u + 68 = -12. What is the tens digit of u?
2
Suppose -2 - 26 = -z - 4*v, 0 = 5*v. What is the units digit of z?
8
Let c be 1/(1 - 2/4). Suppose -c*a = -n + 2*n - 23, n - 4*a - 29 = 0. What is the tens digit of n?
2
Let f(w) = -6*w**3 + 2*w + 1. Suppose -2*o = 2*o + 4. What is the units digit of f(o)?
5
Suppose -6*w + 11*w = 30. What is the units digit of w?
6
Let b(s) = -3*s**3 - s**2 + 1. Let o be b(-1). What is the units digit of (o/(-9))/(1/(-12))?
4
Suppose -4*j = 68 - 464. What is the units digit of j?
9
Let v(s) be the third derivative of 5*s**4/6 - s**3/6 + 3*s**2. Let j be v(1). Let a = -8 + j. What is the tens digit of a?
1
Let l(p) = p**2 + 9*p - 43. What is the hundreds digit of l(-19)?
1
Suppose 0 + 15 = 5*m. Let g = m + 25. What is the units digit of 2/7 + 244/g?
9
Suppose 2*b - 3*z - 36 = 0, -5*b + 2*z + 64 = z. Let p = -11 + b. What is the units digit of p?
1
Suppose -2*x + 68 = -3*q, -2*x = q - 40 - 36. What is the units digit of x?
7
What is the units digit of 3/9 - (-1964)/12?
4
Let x(h) be the second derivative of h**3/6 + h**2 - 3*h. What is the units digit of x(5)?
7
Let h(k) = 5*k**2 + 5*k - 23. What is the tens digit of h(5)?
2
Suppose -5*v + 461 - 136 = 0. What is the units digit of v?
5
Suppose 0 = -5*k + 5*b + 895, 4*k - 5*b = 92 + 625. What is the tens digit of k?
7
Let u be ((-2)/4)/((-6)/144). Suppose 0 = 2*t - u - 20. What is the tens digit of t?
1
Let v be -1*5*(-36)/(-30). Let d(r) = r**2 + 4*r - 8. Let c be d(v). Suppose c*y = y + 18. What is the units digit of y?
6
Let f be (-4)/(-14) - 10/35. Suppose f = -6*t + 2*t. Suppose -2*b - 47 = -5*u, 0 = -b - t*b - 1. What is the units digit of u?
9
Suppose -2*a = -35 + 3. What is the tens digit of a?
1
Suppose -5*q = -3*q. Let g = 1 + q. What is the units digit of g?
1
Let o(z) = -11*z - 59. What is the tens digit of o(-18)?
3
Let b(c) be the first derivative of c**2/2 + c - 5. What is the units digit of b(3)?
4
Suppose 2*k + z - 2*z = 66, 5*k - 162 = 4*z. What is the units digit of k?
4
Suppose 0 = -2*g + 1 + 1, -d - g = -161. Suppose -5*h + 0*h + d = 0. Let b = h - 17. What is the tens digit of b?
1
Let j = -40 + 67. Let c = -19 + j. What is the units digit of c?
8
Suppose -23 = -c - 0*c. Let g = -33 + c. What is the units digit of (-16)/g - (-4)/10?
2
Suppose 4*y + 18 = -2*a, 6 = a - 3*y - 5. What is the units digit of (-6)/(-6) - (-4 + a)?
6
Let i(d) = -d**2 + 16*d - 12. What is the tens digit of i(12)?
3
Let q(a) = -a**3 + 29. Let c be q(0). Let l = c - 12. What is the units digit of l?
7
Suppose 2*c + 3*w = -3*c + 6, -2*w + 4 = 0. Suppose c = 2*i - 2*j, -3*j = -7*j + 8. Suppose 3*r + 0 = -2*o - 1, -2*o - i*r = 0. What is the units digit of o?
1
Let k(j) = -j. Let v be k(-5). Let a(y) = -y + 6. Let o be a(v). Let p = 3 - o. What is the units digit of p?
2
Let i(j) = -j**3 - 3*j**2 - j - 1. Let p be i(-3). Let h = 6 + -10. What is the units digit of p/(h/(-10)) - 0?
5
Let x be 2*-1*(-6)/(-4). Suppose 2 = 2*u + 2*c - 2, 0 = -4*c - 8. Let a = x + u. What is the units digit of a?
1
Let x = 5 - 0. Suppose -x*s + 67 = -93. Suppose 0 = -h - 3*h + s. What is the units digit of h?
8
Let z(i) = i**2 + i - 9*i + 8*i. Let w(d) = d**2 + 3*d - 5. Let j be w(-4). What is the units digit of z(j)?
1
Let g be (0 - -1)/(-1) + 1. Let n be (g - 2)*(2 - 3). Suppose -n - 11 = -b. What is the units digit of b?
3
Let z = -110 - -180. What is the tens digit of z?
7
Suppose 3*n + 18 - 61 = 5*t, 4*n = -4*t + 4. Let w be (57/n)/(2/4). Let l = -11 + w. What is the units digit of l?
8
Suppose 2*m = m + 2*l - 8, -16 = -4*l. Suppose m = 2*v - c - 51, 2*v + 3*c - 17 = 22. What is the tens digit of v?
2
Suppose 3*y + 5*r - 17 = 0, -3*y + 25 = 2*y + 5*r. Let w(o) = o**2 - 5*o + 6. What is the units digit of w(y)?
2
What is the hundreds digit of (4 - 6)*(-142 - (-4 - -1))?
2
Suppose -10 = -3*p + 4*u, 4*u - 2 + 0 = -3*p. Let a(t) = -4*t + 2*t + p*t + 12*t**3 - t**2. What is the tens digit of a(1)?
1
Suppose -n - 12 = m - 105, 0 = 5*n - 3*m - 465. Let b = -62 + n. What is the units digit of b?
1
Let d(l) be the second derivative of -l**3/3 + l**2/2 - 2*l. Let i be d(-3). Suppose i*r - 32 = 3*r. What is the units digit of r?
8
Let s(v) = -v - 5. Suppose 0 = 5*g - 0*g + 40. Let k be s(g). Suppose -j - 2 + k = 0. What is the units digit of j?
1
Let u(x) =